30))/((-8)/(-12)) is divided by 11.
8
Calculate the remainder when 10/50 + (-2367)/(-15) is divided by 20.
18
Let y = -1061 + 1071. Calculate the remainder when y is divided by 4.
2
Let g(v) = v**3 - 13*v**2 - v + 24. Calculate the remainder when 256 is divided by g(13).
3
Suppose 2*k = -3*z - k + 213, 3*k = -2*z + 146. Suppose -z = -13*m + 583. Calculate the remainder when 146 is divided by m.
46
Suppose -19*p + 22*p = -12. What is the remainder when (-4)/14 - (p + 1320/(-14)) is divided by 25?
23
Let f be ((-5)/((-10)/24))/(6/4). Let y(v) = -v**2 + 23*v - 55. What is the remainder when y(f) is divided by 6?
5
What is the remainder when 43 is divided by ((-52)/11)/((-38)/209)?
17
Let j = -241 + 278. What is the remainder when 177 is divided by j?
29
What is the remainder when (-3426)/(-20) + 348/(-1160) is divided by 44?
39
Suppose 0 = -13*o + 8*o + 80. Let z(j) = j - 13. Suppose -4*g - 35 = -9*g. Calculate the remainder when g is divided by z(o).
1
Let j = 42 - 14. Suppose -7*v + j = -6*v. Let p(n) = 17*n - 1. Calculate the remainder when v is divided by p(1).
12
Suppose 7991 = 146*u - 10259. What is the remainder when u is divided by 5?
0
Let f(c) = -3*c - 6. Let d be f(-3). Let o be d/(-2 + (-3)/(-3)). Let p(w) = -22*w + 10. What is the remainder when p(o) is divided by 11?
10
Let p(o) = 14*o**3 - o**2 + 4. Let i be p(-2). Let h = -64 - i. What is the remainder when h is divided by 26 + (0 - 1/1)?
23
Let f = 7 - 5. Let z(q) = -q**2 + 10*q + 11. Let b be z(9). Suppose -4*n - 2*l = -b + 2, -6 = -2*l. Calculate the remainder when n is divided by f.
1
Let p = 262 - 246. Calculate the remainder when 109 is divided by p.
13
Suppose 4*g + 5*s + 0 = 63, -3*g - 3*s + 45 = 0. Suppose -3*d + 31 + 22 = 2*x, -2*x - 5*d + 43 = 0. Calculate the remainder when x is divided by g.
10
Let k be 5/((-15)/2) + (-24)/(-36). Suppose -4*f + 50 - 10 = k. What is the remainder when f is divided by 8?
2
Let m = -8 - -14. Let n = -1259 - -1274. What is the remainder when n is divided by m?
3
Let y(d) = -d + 6. Suppose 3*s = 2*z + 1 - 7, 3*z + s + 13 = 0. Calculate the remainder when 16 is divided by y(z).
7
Let h = 19 + -13. Suppose 0 = 5*i - 6*i + h. Suppose -5*n + y = 2*y - 47, i = 3*y. Calculate the remainder when n is divided by 5.
4
What is the remainder when 17 is divided by (-5 - -1)*15/(-12)?
2
Calculate the remainder when 44 is divided by 105/(-5)*50/(-70).
14
Let d(k) = -3*k**3 + k**2 - k - 1. Let l be d(-1). Suppose 2*s = -4, i - 2*s = -l + 11. What is the remainder when (-4)/6 + 23/i is divided by 2?
1
Let a(i) = -i**3 + 20*i**2 - 28*i - 23. What is the remainder when a(15) is divided by 38?
36
Suppose -5*d = 3*x - 8*x + 15, 2*d - 3*x + 9 = 0. What is the remainder when ((-630)/(-7))/(1 + d) is divided by 23?
21
Suppose -r = r. Suppose 0 = -r*j + j - 5. What is the remainder when -14 + 37 + 0*(-3)/6 is divided by j?
3
Let d = 86 + -83. Suppose -d*x + 110 = -4*i, -2*x + 5*i = 3*i - 70. What is the remainder when 88 is divided by x?
28
Let a be (-2)/((-3)/((-6)/(-2))). Suppose 18 - a = 4*l. What is the remainder when 5 is divided by l?
1
Let a(z) = 4*z + 6 - 2 - z - 2*z. Suppose 3*f - 4*l = 37, l + 2*l + 12 = 0. Calculate the remainder when a(14) is divided by f.
4
Suppose 75*m - 847 = -2*m. Calculate the remainder when 59 is divided by m.
4
Let a = -1202 - -1347. Calculate the remainder when a is divided by 30.
25
Let m(o) = -2*o - 1. Suppose 2*j + 48 = 4*j. What is the remainder when -4*28/j*-3 is divided by m(-3)?
4
Suppose 0 = 15*w - 16*w + 2. Suppose 6 = -w*n + 5*n. Calculate the remainder when 25 is divided by 2 - ((0 - 9) + n).
7
Suppose 8*y - 2 - 86 = 0. What is the remainder when 88 is divided by y?
0
Suppose -2*y + 2*h = 3*y - 259, 4*h = -3*y + 145. What is the remainder when 67 is divided by y?
16
Suppose -54 = -3*s - 3*s. Calculate the remainder when (276/(-24))/(2/(-4)) is divided by s.
5
Suppose -85*g = -83*g + 8. What is the remainder when 55 is divided by -28*((g - -4) + (2 - 3))?
27
Suppose 15 = -0*v + 5*v. Calculate the remainder when 5/((-125)/90)*(-10)/v is divided by (16/(-5))/(8/(-20)).
4
Suppose -13 = -4*j - 5. Suppose -3*k - 12 = 3*v, j*k + 3*v + 5 = -1. Calculate the remainder when 42 is divided by 15/(-45) + (-92)/k.
12
Suppose 0 = 4*f + w - 415, 0 = -4*f - 4*w + 489 - 65. Suppose -67*d + 76*d - 234 = 0. Calculate the remainder when f is divided by d.
25
Let a(c) = -15*c + 617. Calculate the remainder when 78 is divided by a(38).
31
Suppose 5*y - 96 = -4*s - 3, 87 = 3*s - 2*y. Calculate the remainder when (-220)/(-5) - -5 - -2 is divided by s.
24
Suppose -5*x - 50 - 140 = 0. Let a = -31 - x. Calculate the remainder when 395/20 + 1/4 is divided by a.
6
Let t(r) = -r**2 - 2*r + 13. Let n be t(6). Let y = n + 55. Calculate the remainder when 58 is divided by y.
18
Let h(s) = s**3 - 5*s**2 + 2*s - 4. Let y be h(5). Suppose f + 28 + 5 = 2*k, k - 5*f = -y. Calculate the remainder when 93 is divided by k.
17
Let t(p) = -p**2 + 7*p + 17. Calculate the remainder when 69 is divided by t(7).
1
Suppose 0 = 4*z - 2*n - 184, 5*z + 10*n - 230 = 14*n. Calculate the remainder when 183 is divided by z.
45
Suppose -99 = -2*q + 5*q. What is the remainder when 12 is divided by (-4)/16 + (q/(-4) - 2)?
0
Let g be 2/(-8) - 813/(-4). Suppose -19*n + 95 = -0*n. Suppose 119 = 3*a + 4*w, 3 = n*a - w - g. Calculate the remainder when a is divided by 11.
8
Suppose g = -4*a + 70, 0 = -2*g + 318*a - 322*a + 128. What is the remainder when 345 is divided by g?
55
Let w(l) = -l**3 + 5*l**2 + 2*l + 9. Let c be w(5). Let v = c - 11. Suppose -2*g + 18 + 12 = 0. What is the remainder when g is divided by v?
7
Let b = -139 - -150. Calculate the remainder when 25 is divided by b.
3
Suppose 64 = 2*r - 14*c + 16*c, -3*c = -r + 40. What is the remainder when 131 is divided by r?
29
Let w(z) = 16*z**2 - 10*z + 8. What is the remainder when w(3) is divided by 7?
3
Suppose 3*n - 898 = -2*m + 3*m, 5*n = -4*m + 1474. Suppose 95 = 12*a - 265. Calculate the remainder when n is divided by a.
28
Let i(a) = -3*a**2 - 29*a - 13. Let w be i(-9). Suppose 0 = -x + 3 + 13. Suppose x = w*n - 4, -y - 5*n = -28. What is the remainder when 30 is divided by y?
6
Suppose -4*x = -7*x + 33. Suppose -4*m - 16 = 2*j, 2*j + 2*m = 3*j - 12. What is the remainder when (9 - x)/(2/(-5)) is divided by j?
1
Suppose 7*b - 20 = 2*b. Suppose b*u + 7 = 107. Suppose 4*g - 44 = -4*k, -4*k = k - 20. What is the remainder when u is divided by g?
4
Suppose 2*u + 4 = 4*s - 3*u, 4 = u. Let c be (30/4)/(2/(-4)). Let n = s - c. Calculate the remainder when 79 is divided by n.
16
Suppose 2*g + 3*g + 5*d - 435 = 0, 0 = -5*g - 2*d + 420. What is the remainder when 572 is divided by g?
80
Calculate the remainder when 112 is divided by (1 - 2)/((-7)/91).
8
Let j(g) = 6*g - 11. Let u be j(4). Suppose l = f + u, l + 3*f = 2*f + 15. Calculate the remainder when 52 is divided by l.
10
Suppose -520 - 754 = -14*g. What is the remainder when 194 is divided by g?
12
Let g = 3 - -6. Let a(y) = -y**3 + 9*y**2 + y - 4. Let u be a(g). Calculate the remainder when (-3 - -9) + (u - 8) is divided by 2.
1
Suppose -6 - 6 = -3*q, -2*q = -2*t. Let o(r) = r**2 - 22*r + 16. Let p be o(22). Calculate the remainder when 9 is divided by (p/6)/(t/6).
1
Suppose -b + 338 = -19. Suppose -63*n + b = -60*n. Calculate the remainder when n is divided by 24.
23
Let l(g) = 9*g - 70. Let v be l(11). Suppose 0*w + 4*w = 5*h - 130, 5*h - 95 = -3*w. Let x = v - h. Calculate the remainder when x is divided by 2.
1
Suppose -3*b - 3*w + 128 = -1, 2*b - 90 = -w. Let t = b - 28. Calculate the remainder when t is divided by 5.
4
Suppose 11*k - 42 = 8*k. Calculate the remainder when 33 is divided by k.
5
Let y(l) = 14*l**2 - 2*l + 1. Let z be y(2). Let c be z/3 - (-2)/(-3). Suppose -c*h = -18*h + 9. Calculate the remainder when 35 is divided by h.
8
Let h = 7 - -6. Let p(f) = -f**3 + 13*f**2 - 16*f + 3. Let a be p(11). Suppose u - a = -3*y, y - 9 = -3*u - 2*u. What is the remainder when y is divided by h?
11
Let j be -1 + ((-6)/8)/((-2)/(-8)). What is the remainder when 2/4 - 110/j is divided by 15?
13
Let r(c) = 2*c**2 - 4*c**2 - 23 - 3*c + 2*c**2 + c**2. Calculate the remainder when 7 is divided by r(7).
2
Suppose -5*p + 201 + 72 = 4*b, 196 = 3*b + 2*p. Suppose